se
Let d(t) = 45*t + 23. Let v(q) = -2*q**2 - 3*q + 4. Let u be v(4). Let l = -36 - u. Is d(l) prime?
False
Suppose -5*t - 7600 = -i - 0*i, 0 = -t - 4*i - 1541. Let u = 2686 - t. Is u composite?
True
Let v be (-19)/(114/24) - 13*226. Let m = -2041 - v. Is m a prime number?
False
Let k(t) = 2*t**2 + 14*t + 27. Let o = 20 + -15. Suppose o*z + 31 + 39 = 0. Is k(z) a prime number?
True
Suppose 3*q - 3084 - 99 = 0. Is 7/7*q*(2 + -1) prime?
True
Is 1097/(14/(-50204)*-22) composite?
True
Let g = -423 + 849. Let l = g + -284. Is l a prime number?
False
Let f(y) = 6641*y**3 + 8*y**2 - 12*y + 4. Is f(3) a prime number?
False
Let h(s) = 2*s - 12. Let y be h(10). Let o(f) = 16*f**2 + 27*f + 25. Let n(j) = -j**2 - 2*j - 1. Let q(t) = 6*n(t) + o(t). Is q(y) prime?
False
Is 19000/3 + 12*6/108 prime?
False
Let p = 16598 + -7122. Suppose -3*f + 3*s - 2*s = -p, -s + 15804 = 5*f. Suppose -5*b + y + f = 0, -y = -3*b + y + 1903. Is b a prime number?
True
Suppose 0 = -3*l + 345 + 783. Let s = 819 - l. Let d = s + 326. Is d a composite number?
False
Let r(s) = -s**2 + s - 1. Let k be r(0). Suppose 15*m + 9*m - 48 = 0. Is -4 - k - m*-160 a prime number?
True
Let u be (-4)/(-1)*(-21)/(-42). Suppose -h + 380 = n, 0 = -u*h + 5*n + 643 + 110. Is h composite?
False
Let f = 219798 + -126059. Is f a composite number?
False
Is 1 + 8 + 242638/11 composite?
False
Suppose -2*f = 4*o - 46706, -4*f - 36107 = 5*o - 94488. Is o composite?
False
Let u be ((-172)/(-20) - 6/(-15)) + -4. Suppose -u*i - s = -13539, 4*i - 2*i - 5418 = -s. Is i a composite number?
False
Suppose -5*x = 5*z - 4*z + 5, -2*x - 2*z + 6 = 0. Is x*3/12*-4310 composite?
True
Suppose -5*b + 55549 = 3*w, 2*b - 14238 = 3*w + 7990. Suppose 4*x + 3*t = 4*t + b, 0 = -2*x - 5*t + 5539. Is x a prime number?
True
Let y(l) = 3 - 4 + 0 + 2*l**2 + 2*l**2 - 1108*l**3 - 3*l. Is y(-2) a composite number?
True
Suppose -28 = -6*j + 2*j + 4*w, -5*w = -2*j + 14. Let k(i) = 2299*i + 13. Is k(j) prime?
False
Let z be 44061/(-4) + 1/4. Let q be (z - -1)*(-2)/4. Let o = q - 3618. Is o prime?
True
Let f(b) = -2198*b + 14385. Is f(-154) a composite number?
True
Let n(j) = 1955*j + 1432. Is n(77) a composite number?
False
Let n(w) = w**2 - 43*w + 11. Let p be n(-25). Let g = 10 + p. Is g a prime number?
True
Let n(q) = 4*q**2 - 39*q - 6. Let v be (44/(-4))/(5/(25/5)). Is n(v) prime?
True
Let g(c) = 5*c**3 + 8*c**2 - 37*c + 6. Let w be g(12). Is (w/(-3))/1*(-1)/2 a composite number?
False
Suppose 0 = -71*c - 28*c + 11467269. Is c composite?
False
Let b = 140968 - 32135. Is b prime?
False
Suppose -30*s + 481307 = -403. Is s a prime number?
True
Let q be ((-5)/(-7))/((-2)/14*-1). Suppose 10*v - 845 = q*v + 5*m, 4*v + 2*m - 664 = 0. Suppose 0 = -3*j + v + 2566. Is j a prime number?
True
Let c(h) = h**2 - 29*h - 85. Suppose -28*i + 23*i = 130. Is c(i) prime?
False
Let k = 223 + -241. Let r(l) = -261*l - 137. Is r(k) prime?
True
Suppose 7*n + 59502 = 3*w + 10*n, -99177 = -5*w + 2*n. Is w a composite number?
True
Suppose 8*c - 9*c - j + 30 = 0, j + 40 = c. Is 106316/c - (-3)/(-5) prime?
True
Let u(p) = 785*p**3 - 18*p**2 - 14*p + 75. Is u(4) a prime number?
False
Let r(o) = -6*o - 111. Let a be r(-18). Let k(u) = -9144*u + 47. Is k(a) a prime number?
True
Suppose 5*g + 2*d = 68, 3*g - 53 + 6 = 5*d. Suppose -g*z = -9676 - 32730. Let y = z + -1246. Is y a prime number?
True
Suppose 5*o - 405587 = -4*m, -4*o + 241277 + 83189 = 5*m. Is o a composite number?
False
Let x = 822 + -133. Suppose 4*u = p + x, -2*u + 322 = 4*p - 0*p. Suppose u = 2*l - 151. Is l a prime number?
False
Let a(k) = -1661*k + 2062. Is a(-29) composite?
False
Is ((-9)/6 - (-4597490)/100)/(1/5) a prime number?
False
Let a be -4 - 3*(4 + -3). Let w(o) = -16*o + 14. Let q be w(a). Suppose -2 = 4*d - q. Is d composite?
False
Let r(a) = 3484*a - 11831. Is r(106) prime?
True
Let m = -153697 - -256404. Is m composite?
True
Is (-63)/(-14) + 14329*15/6 a composite number?
True
Let t(l) = -2*l**3 - 38*l**2 - 21*l - 2. Suppose 21*i - 5*p = 26*i + 120, 3*p = -3. Is t(i) a prime number?
False
Suppose 6*h - 12 = 5*h. Suppose h*c - 15*c + 480 = 0. Let k = c + 637. Is k a composite number?
False
Let w = 122079 + 13552. Is w composite?
True
Let r(w) = -23694*w - 1031. Is r(-3) a prime number?
True
Is (5273/(-2))/(((-226)/(-1017))/((-4)/3)) prime?
False
Let l(c) = 2*c - 50. Let h be l(30). Suppose h*m = 9*m + 25663. Is m a prime number?
False
Let g(q) = 15267*q**3 + 32*q**2 - 112*q + 54. Is g(4) a prime number?
False
Is (-3)/8*(-20)/(-30) - (-648213)/4 a prime number?
True
Suppose 5*w + 0*w - 10 = 0. Let y be (-18 - 468/(-27))/(((-10)/12)/5). Suppose -w*k = q + q - 580, -2*q = y*k - 1154. Is k composite?
True
Let a(v) = -66766*v + 1495. Is a(-3) a composite number?
True
Let f(k) = 121*k**2 + 21*k - 63. Let j(a) = 241*a**2 + 43*a - 122. Let v(d) = -5*f(d) + 3*j(d). Is v(7) composite?
True
Let u = -8599 + 37117. Let p = -20327 + u. Is p prime?
True
Suppose 12*x - 10*x = -7118. Let k = x + 5576. Is k prime?
True
Suppose 0 = 16*k - 14*k - 2. Let s be (-6 + k + 0)*(-15020)/(-50). Is ((-2)/(-2))/((-2)/s) prime?
True
Let n(p) = p**3 - 5*p**2 - 7*p + 5. Let c be n(6). Let u = -50 + -2053. Is -2*u/(-6)*c a prime number?
True
Let v be 8/((-16)/(-3)) + 446/4. Let h = v + -109. Suppose l = 2*l - h*p - 1193, 5*l = 3*p + 5897. Is l prime?
False
Let a(x) be the second derivative of -x**3/3 - 17*x**2/2 + 6*x. Let b be a(-10). Is (b/6)/((-14052)/(-7024) - 2) composite?
True
Suppose -8808 = 10*l - 2874 - 33124. Is l a prime number?
True
Suppose -29*j = 38*j - 33031. Let y = 575 - j. Is y prime?
False
Let t(b) = b**3 - 2*b**2 - 6*b - 4. Let r be t(4). Suppose -r*v + 3*v = 30. Let d = v - -37. Is d composite?
False
Let t(o) be the second derivative of o**5/30 + o**4/8 - 7*o**3/2 + 3*o**2/2 - 6*o. Let z(b) be the first derivative of t(b). Is z(10) a composite number?
True
Let b(x) = -81*x + 235. Let k(m) = 2*m**2 + 64*m + 76. Let q be k(-30). Is b(q) a composite number?
True
Let y(n) = -50194*n + 769. Is y(-18) prime?
True
Suppose -6*y - 3 = -3*y. Let h be ((-34)/(-51))/(y/90). Let a = 205 + h. Is a a composite number?
True
Let j(i) = -i**3 + 31*i**2 + 39*i - 54. Let n be j(29). Suppose -4*p + 5355 + n = 2*m, 0 = 4*m - 4*p - 16252. Is m a prime number?
False
Suppose -200*p - 2*v = -195*p - 3580171, 0 = p + v - 716036. Is p a composite number?
False
Suppose -14*l + 922217 + 1223567 = 351390. Is l a prime number?
False
Let g(y) = y**2 + 5*y + 4. Let r be g(-5). Let m(x) = -x - 1. Let n(s) = -68*s - 1. Let b(j) = -4*m(j) - n(j). Is b(r) a composite number?
False
Let w be 0/(1 - (-3)/3). Let u(r) = -3*r + r**2 + 0*r**2 - 3*r + 7 + w*r. Is u(7) a prime number?
False
Let c(d) = 2*d**2 + 5*d + 5. Let f be c(-2). Suppose -4*w + 7678 = 4*x - 2658, -4*x - f*w = -10331. Is x a prime number?
True
Let g(h) = -81*h**3 + 9*h**2 - 4*h - 6. Let n(c) = -82*c**3 + 9*c**2 - 5*c - 7. Let s(i) = -6*g(i) + 5*n(i). Is s(6) prime?
True
Let s(z) = -3*z - 11. Let x be s(-5). Let w be 6*((-6)/x + 2). Is (1 + 2)/(w/1971) - -2 a composite number?
False
Suppose -2*f + 5*l = -118059 - 40864, -4*f + l = -317873. Is f a prime number?
False
Let n(i) = -152*i - 11. Let s(f) = 137*f + 11. Let k(q) = -6*n(q) - 7*s(q). Let j = 5 + -9. Is k(j) composite?
True
Let s(y) = -2501*y + 307. Let t(n) = -2499*n + 304. Let g(o) = -5*s(o) + 6*t(o). Is g(-8) a composite number?
False
Let l = -6853 + 52406. Is l composite?
False
Let t(j) be the second derivative of -66*j**3 + j**2/2 + j + 10. Is t(-5) a prime number?
False
Suppose -3*v = -2*u + 5*u - 43905, -v - 58520 = -4*u. Is u a prime number?
False
Let v(w) = -103*w**3 + 4*w**2 - 7. Let n(r) = -104*r**3 + 5*r**2 + r - 7. Let i(y) = 3*n(y) - 2*v(y). Is i(-5) a composite number?
True
Suppose -113091 - 282422 = 52*i - 3176421. Is i composite?
False
Suppose 7*z = -16*z + 12*z + 2844061. Is z a prime number?
True
Suppose -14*q = -13*q + 11. Let z(r) = -7*r**3 - 22*r**2 + 8*r - 20. Is z(q) a composite number?
False
Let z = 56 + -157. Let p = 105 + z. Suppose -2*r = -c - 2003, 2*r - 991 = r + p*c. Is r composite?
True
Let t = 2041 + 37378. Is t a prime number?
True
Suppose -2*z = 3*k - 51, -5*z - 5 = -3*k + 46. Let h be (k - 11)*(-2 + 7/3). Is 11436/(-18)*(0 + (-3)/h) a prime number?
True
Suppose 144*b = -114*b + 374